-9. Calculate the remainder when 104 is divided by q.
23
Let b(z) = z - 4. Let v be b(5). What is the remainder when 41 is divided by 4/(-10)*-35*v?
13
Let l = -14 - -35. Calculate the remainder when 60 is divided by l.
18
Let s = -3 - -4. Calculate the remainder when 2 is divided by s.
0
Let x = -12 - -35. Let c = 2 - -4. What is the remainder when x is divided by c?
5
What is the remainder when 1/(-3) - (-12838)/147 is divided by 13?
9
Let s be (1 - (-2 - -1)) + -7. What is the remainder when 48 is divided by (s/(-4))/((-1)/(-20))?
23
Let c = -19 - -30. Calculate the remainder when 41 is divided by c.
8
Let j(b) = -b + 13. Let w be j(9). Let u = w - -3. Calculate the remainder when 20 is divided by u.
6
Suppose 0 = -2*x + k + 4, 3*x = -0*x - k - 4. Suppose x = -6*w + 3*w + 6. What is the remainder when 5 is divided by w?
1
Suppose -r - 4*r + 780 = 0. Suppose -2*q + r = -8. Calculate the remainder when q is divided by 28.
26
Suppose -3*v + 12 = v. Let o = v + 13. What is the remainder when 31 is divided by o?
15
Let t(g) = -g**2 + 6*g + 7. Let l be t(6). Suppose -183 = -5*w + 112. What is the remainder when w is divided by l/((-7)/2) - -22?
19
Calculate the remainder when 980/50 - 3/5 is divided by 10.
9
Let d be (-22)/(-3) - (-5)/(-15). Suppose -188 = -5*k + d. Calculate the remainder when k is divided by 20.
19
Suppose y + 3*y - 25 = 3*c, 0 = 2*y - c - 11. Suppose -2*x + 2*f = -12, y*x + 3*f - 5 = 19. What is the remainder when 16 is divided by x?
4
Suppose -k + 28 = 3*k. Suppose 0 = -4*m + k*m - 39. Calculate the remainder when 51 is divided by m.
12
Let k be (2/5)/(2/(-50)). Let z(u) = u**2 + 8*u - 14. What is the remainder when 11 is divided by z(k)?
5
Calculate the remainder when 11 + 0 + (-8 - -5) is divided by 3.
2
Let f be (-1)/(3*(-3)/(-9)). Let m be 3 + (2 - f - 3). Suppose -2*b - 5*d + 2*d = -34, -2*b = -m*d - 22. Calculate the remainder when 40 is divided by b.
12
Let b = -8 - -11. Let q = b - 6. Let v = q - -9. What is the remainder when 23 is divided by v?
5
Let l(m) = 4*m**3 - m**2 + m - 2. Let f(h) = 55*h**2 - 13*h - 14. What is the remainder when f(-1) is divided by l(2)?
26
Suppose m - 7 = -0*m. What is the remainder when 18 is divided by m?
4
Suppose 4*t = h + 9, t - 29 = -5*h - 11. Suppose 2*x + h*x + 2 = -w, 0 = -5*w + 4*x + 135. Calculate the remainder when w is divided by 8.
7
Let o(v) = 19*v - 1. Suppose 2*x + 0*x + 6 = 0. Let l = x - -16. What is the remainder when o(2) is divided by l?
11
Let f = 35 - 20. Suppose 3*n - 88 = -h, 0*n - n - 5*h = -48. Calculate the remainder when n is divided by f.
13
Suppose -5*q = -0*a - 4*a - 42, 0 = -2*q + a + 15. What is the remainder when 22 is divided by q?
4
Let h(l) = 26*l**2 + 2*l + 1. Calculate the remainder when h(-2) is divided by 26.
23
Let n(a) = 58*a**3 - a**2 + a - 1. Calculate the remainder when n(1) is divided by 20.
17
Suppose -11 - 16 = -3*s. Calculate the remainder when 34 is divided by s.
7
Suppose 4 = -2*t, -5*t - 70 = 5*m - 0*t. Let w(z) = z**2 + 4*z - 15. Calculate the remainder when w(m) is divided by 21.
18
Suppose 4*i + 7*i - 319 = 0. Suppose -2*o + 3*o + 80 = -3*l, 4*l = o - 109. Let d = l + 42. What is the remainder when i is divided by d?
14
Let o = -242 - -339. What is the remainder when o is divided by 14?
13
Let w = -12 - -11. Let c = -9 + w. What is the remainder when 27 is divided by (-102)/c - (-2)/(-10)?
7
Suppose -5*x + 8 = -3*x - s, -3*x - 3*s + 21 = 0. Calculate the remainder when x is divided by 4.
1
Let s be (-46 - 4)*(-1)/2. Suppose -3*l - a = -41, 3*a - s = -4*l + 38. Calculate the remainder when 45 is divided by l.
9
Let j(h) = h + h - h - 2 + 4*h**2. Let m = -8 + 5. What is the remainder when j(m) is divided by 16?
15
Let w(u) = -2*u**3 - 18*u**2 - u - 1. What is the remainder when 15 is divided by w(-9)?
7
Let l(g) = -g**2 - 7*g - 1. Let t be l(-4). Suppose 4*c = 25 + t. Suppose 2*x - 32 = -4*k, -4*x - 2*k = -55 - c. What is the remainder when 30 is divided by x?
14
Suppose 5*s - 3*z = -z + 8, -s - 5*z + 7 = 0. Suppose -2*i = 2*p - 10, -i - 4*p + 13 = s*i. Calculate the remainder when 11 is divided by i.
4
Let v be (-39)/(-9) - 4/(-6). Let n = -1 + v. Let a(z) = 3*z + 17. What is the remainder when n is divided by a(-5)?
0
Suppose a = 4*c - 53, -34 = -3*c - 4*a - a. Calculate the remainder when c is divided by 8.
5
Let k(m) = 3*m - 37. Calculate the remainder when 42 is divided by k(18).
8
Let f(s) = 2*s**2 + 5*s + 4. What is the remainder when f(-5) is divided by (5/10)/((-1)/(-30))?
14
Let q(w) = w**3 - 5*w**2 - w + 4. Calculate the remainder when q(6) is divided by 12.
10
Suppose -21*x - 18 = -24*x. Calculate the remainder when 17 is divided by x.
5
Let q = 3 - 3. Suppose 19 = u + 2*y, 5*u + 2*y - 52 - 35 = q. Suppose -2*s - 1 + 13 = 0. What is the remainder when u is divided by s?
5
Let y = 14 - 8. Let h = 11 - -11. Calculate the remainder when h is divided by y.
4
Suppose -4*w + w + 5*l = -27, -5*w = 5*l - 5. Suppose -4*r - c = -62 - 17, w*r = 3*c + 99. Calculate the remainder when 39 is divided by r.
18
Let f(x) = -x**3 - 4*x**2 + 3. Let y be f(-4). Suppose -p + 176 = y*p. What is the remainder when p is divided by 15?
14
Let b = 1 - 6. Let p = b - -8. Calculate the remainder when 5 is divided by p.
2
Let t = 11 - -17. Suppose 5*u + 0*u - 30 = 0. Suppose 2*g - u*g = -60. What is the remainder when t is divided by g?
13
Let i(r) = -r**3 - 11*r**2 - 3*r + 14. Calculate the remainder when i(-11) is divided by 13.
8
Suppose -4*k = 4*p - 16, 4*k + 1 = p + 22. Let d = 32 - k. Suppose -7*m + 40 = -3*m. What is the remainder when d is divided by m?
7
Suppose 4*m + 0*j = 5*j + 25, -2*m = -3*j - 15. Let o(q) = 6 + m + q + 7 + 5. Calculate the remainder when 34 is divided by o(0).
16
Let s(a) be the third derivative of -a**6/30 - a**5/60 - a**4/12 - a**3/3 - 3*a**2. What is the remainder when s(-2) is divided by 16?
14
Let g(t) = 2*t + 7. What is the remainder when g(9) is divided by 11?
3
Let f = -50 - -55. What is the remainder when 8 is divided by f?
3
Let u(b) = -29*b + 2*b + 3*b. Let a = 1 - -8. What is the remainder when u(-1) is divided by a?
6
Suppose 9*g - 3*j - 44 = 4*g, 0 = 4*g - 4*j - 40. Let v = g + -4. Calculate the remainder when v is divided by 2.
1
Let t(s) = s**2 - 15*s - 6. What is the remainder when t(-4) is divided by 24?
22
Suppose -6*d - 15 + 81 = 0. What is the remainder when 20 is divided by d?
9
Suppose 12*v - 7*v - 30 = 0. Suppose -2*a - 50 = -2*l, v*a - a = 3*l - 79. Calculate the remainder when 42 is divided by l.
19
Let y(o) = -o**2 - 7*o - 5. Let f(n) = n - 3. Let m be f(6). Suppose 0 = -m*t - t + 52. What is the remainder when t is divided by y(-5)?
3
Suppose 3*p + 0*p - 6 = 0. Let b(w) = -5 + 10*w - p*w + 4. What is the remainder when 19 is divided by b(1)?
5
Let r = 65 + -30. What is the remainder when r is divided by 18?
17
Let w(g) = g**3 - 7*g**2 - 6*g - 5. Let o be w(8). Suppose 233 + o = 4*k. What is the remainder when k is divided by 21?
19
What is the remainder when 10 is divided by 14 - 14 - (1 + -4)?
1
Let i = 1 + 6. What is the remainder when 10 is divided by i?
3
Let r be (0 + 8/(-12))*-96. Suppose 16 = -3*c + r. What is the remainder when c is divided by 9?
7
Suppose -25 = -3*w + 434. What is the remainder when w is divided by 26?
23
Let x = -246 - -406. Let n = x - 77. What is the remainder when n is divided by 21?
20
Let v = 39 - 13. Let g = v + -13. Calculate the remainder when 37 is divided by g.
11
Let j(w) be the third derivative of -5*w**4/24 + w**3/6 - w**2. Let r be j(-3). What is the remainder when 16 is divided by r/2 + (-1 - 1)?
4
Let x(a) = a**2 + 1. Let v be x(3). Let o = 14 - v. Suppose -o*f + 44 = 2*u, -3*f + 2*u + 22 = -2*u. What is the remainder when f is divided by 4?
2
Let u = 1 + 0. Suppose -u = -l + 1. Suppose -5*q = -5*d - 115, 0*d - l*d = 5*q - 150. Calculate the remainder when q is divided by 15.
13
Calculate the remainder when 12 is divided by 20/70 + 94/14.
5
Let w(k) = -k**2 + k + 4. Let a be w(0). Suppose -4*m - 4*f + 3 = -133, -a*m - 5*f + 131 = 0. Let y = -2 + 22. What is the remainder when m is divided by y?
19
Let f(s) be the first derivative of -s**3/3 - 11*s**2/2 - 10*s - 3. Let d be f(-8). Suppose 2*m + 0*m - d = 0. Calculate the remainder when 20 is divide